
-130
In base 16, what is -3d0 - -12?
-3be
In base 11, what is 2 + -109?
-107
In base 15, what is -6a + 2?
-68
In base 6, what is -35 + -5?
-44
In base 11, what is 17 + -28?
-11
In base 10, what is 0 + -8?
-8
In base 2, what is -110011101011111 - 1?
-110011101100000
In base 3, what is 11 + -221212?
-221201
In base 4, what is 103 + -2302?
-2133
In base 5, what is 101 + -1?
100
In base 7, what is 2 - -414?
416
In base 15, what is -7 + 3?
-4
In base 5, what is 30322 + -10?
30312
In base 11, what is 59 + -4?
55
In base 8, what is 0 - -225?
225
In base 2, what is -111 + 1100?
101
In base 9, what is -6 - 55?
-62
In base 7, what is -6560 + -5?
-6565
In base 11, what is -1980 + -3?
-1983
In base 8, what is -1 + 12473?
12472
In base 9, what is -2 - 77?
-80
In base 9, what is 7 - 121?
-113
In base 14, what is -4 + 1b?
17
In base 12, what is 9 + 101?
10a
In base 13, what is 5483 - -3?
5486
In base 11, what is -1 + -5?
-6
In base 3, what is -12 - 1210102?
-1210121
In base 7, what is -3104 - 2?
-3106
In base 4, what is -213 + 3?
-210
In base 14, what is -78 + 7?
-71
In base 9, what is -12 + 486?
474
In base 13, what is 97aa - -4?
97b1
In base 11, what is -206 - -5?
-201
In base 3, what is 0 - -11002012?
11002012
In base 3, what is 202 - -121?
1100
In base 13, what is -2 - -180?
17b
In base 15, what is -8 + -6?
-e
In base 11, what is 4 + -466?
-462
In base 2, what is -100100011 - -100?
-100011111
In base 10, what is 1 + -33?
-32
In base 11, what is 5a + 30?
8a
In base 10, what is 4 + 42?
46
In base 16, what is -8 + -20?
-28
In base 16, what is 4 + -a?
-6
In base 3, what is 210 - 21211?
-21001
In base 4, what is -2022 - -22?
-2000
In base 9, what is 5 - 1410?
-1404
In base 8, what is -23724 - -1?
-23723
In base 5, what is -12 + 242?
230
In base 5, what is -1 + -3241?
-3242
In base 16, what is -e - 5f?
-6d
In base 8, what is -23 + 2647?
2624
In base 11, what is 6 - 37a?
-374
In base 9, what is 8 - -267?
276
In base 8, what is 315 + 101?
416
In base 6, what is -1 - 25105?
-25110
In base 3, what is -11 - -202?
121
In base 10, what is -3 + 207?
204
In base 10, what is -15 + -9?
-24
In base 13, what is -3 - 103?
-106
In base 8, what is 74 + -4?
70
In base 4, what is 111 + 332?
1103
In base 5, what is -1 + -1203?
-1204
In base 3, what is -10 + 2120?
2110
In base 3, what is -1 - -2111?
2110
In base 11, what is -2 + 1a?
18
In base 9, what is -130 - -4?
-125
In base 7, what is 3 + 5002?
5005
In base 8, what is -30 + 44?
14
In base 4, what is -322132 - 10?
-322202
In base 3, what is 1 - 1000?
-222
In base 5, what is 3 + 24134?
24142
In base 11, what is -2 - -36?
34
In base 16, what is 2a7 + 3?
2aa
In base 8, what is -4 - 3552?
-3556
In base 7, what is 2223 - 2?
2221
In base 8, what is 1 + -17?
-16
In base 16, what is 0 + 5cb?
5cb
In base 9, what is 256 - -4?
261
In base 3, what is 12 - -1012?
1101
In base 7, what is 500 + 3?
503
In base 5, what is -30 - -42?
12
In base 6, what is -3 - -2205?
2202
In base 14, what is -2 + 164b?
1649
In base 12, what is -122 - -3?
-11b
In base 13, what is 440 + 2?
442
In base 7, what is 1 + 14001?
14002
In base 5, what is -34 - -1120?
1031
In base 10, what is 219 - -39?
258
In base 7, what is 160 + -5?
152
In base 16, what is 6 - -6?
c
In base 11, what is -138a + 5?
-1385
In base 10, what is -220 - -4?
-216
In base 9, what is 1 + -508?
-507
In base 10, what is 99 + 2?
101
In base 4, what is -2011 - 3?
-2020
In base 4, what is 1203 - -20?
1223
In base 16, what is 3 + 138?
13b
In base 10, what is 50 + -1?
49
In base 11, what is -11 + -1?
-12
In base 11, what is -76 - -3?
-73
In base 15, what is 1b - -23?
3e
In base 11, what is 4 + aa6?
aaa
In base 7, what is -434 + 44?
-360
In base 12, what is 5 + -5b?
-56
In base 10, what is 71 - -286?
357
In base 2, what is 10110100 - 1001?
10101011
In base 15, what is -ce + -4?
-d3
In base 5, what is 2131 - 1?
2130
In base 14, what is -3 - -133?
130
In base 2, what is -1101011 + 1110?
-1011101
In base 5, what is -3312 - -1?
-3311
In base 6, what is 133 - -40?
213
In base 9, what is 107 + -5?
102
In base 15, what is e + -137?
-128
In base 4, what is -13322 - -1?
-13321
In base 10, what is 66 - -2?
68
In base 6, what is -140 + 1144?
1004
In base 10, what is -48 + 12?
-36
In base 9, what is -3 - 511?
-514
In base 4, what is -21 + -3?
-30
In base 3, what is 10 + -12?
-2
In base 13, what is -4 - -24b?
247
In base 2, what is 1110001010 + -100?
1110000110
In base 2, what is -1111111011 - 1?
-1111111100
In base 13, what is 18 + -76?
-5b
In base 14, what is 6 + -a2?
-9a
In base 7, what is -1335 - -2?
-1333
In base 7, what is 4 + 241?
245
In base 8, what is 3 - -340?
343
In base 4, what is -100 - -30313?
30213
In base 16, what is 66 + -9?
5d
In base 7, what is -3 - -10232?
10226
In base 2, what is -1011111 - 10001?
-1110000
In base 3, what is -2 + -1020?
-1022
In base 7, what is -3401 - 6?
-3410
In base 14, what is 38c0 - 0?
38c0
In base 14, what is 2 - cb1?
-cad
In base 2, what is 1111010 + 11?
1111101
In base 7, what is -6356 - 0?
-6356
In base 16, what is -a9f - 5?
-aa4
In base 10, what is 91 - 4?
87
In base 2, what is -11000010001010 - 0?
-11000010001010
In base 15, what is -5d - c?
-6a
In base 14, what is -16 + -8?
-20
In base 5, what is -2 + 423?
421
In base 13, what is 5 - 193?
-18b
In base 4, what is -33110 + 10?
-33100
In base 2, what is -101 - -1111001101010?
1111001100101
In base 11, what is -2 - -89?
87
In base 7, what is -24 + -162?
-216
In base 6, what is 1 - 1140?
-1135
In base 12, what is 64 - -6?
6a
In base 16, what is -72 + 1?
-71
In base 6, what is 1 - -232?
233
In base 3, what is -11210 - -10?
-11200
In base 14, what is 4 + -61?
-5b
In base 9, what is 13 + -52?
-38
In base 6, what is 4 + 0?
4
In base 8, what is 241 + 1?
242
In base 7, what is 22 + -5?
14
In base 5, what is 2321 - 0?
2321
In base 7, what is -5 + -245?
-253
In base 6, what is -202 - 1?
-203
In base 12, what is -2 - -21?
1b
In base 10, what is -98 - 9?
-107
In base 13, what is -736 + 4?
-732
In base 13, what is -4 + -572?
-576
In base 14, what is -21 + 1d5?
1b4
In base 9, what is -183 - -1?
-182
In base 8, what is -3 + 140?
135
In base 4, what is -2322 + 0?
-2322
In base 14, what is -18 + 99?
81
In base 13, what is -459 + -4?
-460
In base 4, what is -1 - 131330?
-131331
In base 6, what is -4124 - -4?
-4120
In base 15, what is 692 - 0?
692
In base 6, what is 5 - 113?
-104
In base 16, what is 37b + 4?
37f
In base 10, what is -15 + 136?
121
In base 12, what is -14a - -10?
-13a
In base 3, what is -1 + 12021000?
12020222
In base 13, what is -2a16 + -5?
-2a1b
In base 14, what is 1ab2 + -1?
1ab1
In base 13, what is -4 - 445?
-449
In base 5, what is -20104 - -1?
-20103
In base 11, what is 5 + 225?
22a
In base 13, what is 3 - 1?
2
In base 4, what is 11 - -13102?
13113
In base 12, what is -29a + -3?
-2a1
In base 3, what is -12 + 101000010?
100222221
In base 10, what is -2 - 30?
-32
In base 8, what is -1335 - -2?
-1333
In base 13, what is 508 + -12?
4c6
In base 5, what is -3 + 43400?
43342
In base 2, what is 1110111001 + -100?
1110110101
In base 2, what is -100 - 110010?
-110110
In base 11, what is 5 + 658?
662
In base 10, what is -238 + 6?
-232
In base 16, what is 9 - -11b?
124
In base 4, what is 2 - 20003?
-20001
In base 9, what is -6 - 3226?
-3233
In base 3, what is -12 + -222022?
-222111
In base 8, what is -2751 - 1?
-2752
In base 2, what is 0 + -1101101101?
-1101101101
In base 3, what is 2001 - -12010?
21011
In base 7, what is 1 - 431?
-430
In base 13, what is 68 + -3?
65
In base 8, what is 2 - -41?
43
In base 7, what is -3 + 54?
51
In base 7, what is 23 + 41?
64
In base 11, what is -2 - -27?
25
In base 9, what is 14 + 6?
21
In base 8, what is -1 - -430?
427
In base 6, what is 24 + -2511?
-2443
In base 9, what is 4 - -43?
47
In base 6, what is 1 - 1055?
-1054
In base 4, what is 1032 + -10?
1022
In base 6, what is -134125 - 1?
-134130
In base 2, what is -1111 + -1011000?
-1100111
In base 6, what is -101420 + 1?
-101415
In base 15, what is 3da - -5?
3e0
In base 4, what is 101120 - 11?
101103
In base 16, what is -1a + -2b?
-45
In base 6, what is 10123 + -2?
10121
In base 13, what is 4 + 4b5?
4b9
In base 4, what is -10 + -1120323?
-1120333
In base 14, what is 27 - -5?
2c
In base 9, what is -101 - -67?
-23
In base 13, what is -1b - -1